it of k?
2
Let d(h) = -h**3 - h**2 + 5*h + 2. Let j be d(-3). Let b = 13 + -9. Suppose b*f - j*f + 1 = 0. What is the units digit of f?
1
Suppose 9 - 3 = o. What is the units digit of 0/5 - o/(-2)?
3
Let a be (-12 - -12)*1/2. Let i = 19 - a. What is the units digit of i?
9
Let g(x) = 3*x**2. Suppose -n - 17 = -4*z, 0*z = 2*n - 2*z + 16. Let u = 3 + n. What is the units digit of g(u)?
2
Suppose 5*f + 2*z + 2*z = 529, 206 = 2*f - 4*z. What is the hundreds digit of f?
1
Suppose 0 = c - 5*w - 37, 4*w = 3*c - 5*c + 18. Suppose -5*v = -2*h + 55 - c, -4*h - 2*v = -52. What is the tens digit of h?
1
Suppose 0 - 4 = -r. What is the units digit of ((-124)/8)/((-2)/r)?
1
Suppose 0 = -4*r - 5*b + 14, 1 = r - 2*b + 4. Let f(u) = 5*u**2. Let m be f(r). Suppose -5*c - j + 44 = 0, 4*c = m*c + 5*j - 28. What is the units digit of c?
8
Suppose -10*i = -14*i + 760. What is the tens digit of i?
9
Suppose 22*x - 25*x = -240. What is the units digit of x?
0
Suppose -5*x + 12 = 3*t - 6, -4*t = 16. What is the units digit of x?
6
Suppose 826 = 5*t - 2*m, -4*t - 4*m + 60 = -612. What is the units digit of t?
6
Let j be (0 - -1)/((-6)/66). Let f = -8 - j. Suppose f*n + 2*n = 100. What is the units digit of n?
0
Let o(z) = z**2 - 4*z + 2. Let c = 8 - 4. Let a be o(c). Suppose a*h = h + 7. What is the units digit of h?
7
Let l(z) = 4*z + 3. Let v be l(-2). What is the units digit of v + 3 + 6 - -1?
5
Suppose 2*l - 3 = 3*y, -y - y + 10 = 0. Let c be -3*1*(-1 - 0). What is the units digit of (-2)/c - (-78)/l?
8
Let k be (5/(10/(-42)))/(-1). Let o = k - 7. What is the units digit of o?
4
Let y = 25 + 6. Let l = y - 8. What is the tens digit of l?
2
Let o = -57 - -85. What is the tens digit of o?
2
Let d(k) = k**2 - k + 11. Let r be d(0). What is the tens digit of (-40 + r)*(1 + -2)?
2
Suppose -4*c + 0*o + 3*o + 1089 = 0, 0 = 5*c + o - 1366. What is the units digit of c?
3
Suppose -13 - 4 = -w. What is the units digit of w?
7
Let a(t) = 3*t**2 - 3*t - 10. Suppose 4*y + 0*w - 28 = -2*w, 3*y + 1 = 4*w. What is the units digit of a(y)?
0
Suppose 4*t = -3*h - h + 124, -t = 0. What is the units digit of h?
1
Let q(m) be the first derivative of m**4/4 + 5*m**3/3 + 3*m**2/2 - 2*m + 2. Let r(o) = o**3 + 2*o**2 - 2*o. Let l be r(-3). What is the units digit of q(l)?
7
Let v be (1 + 0)*(-3 + 3). Let m = 14 + 4. Suppose 8 = f - v*f + j, m = 3*f + j. What is the units digit of f?
5
Let t(n) = -4*n + 2. Suppose d = 3 - 8. What is the tens digit of t(d)?
2
Suppose -8*b + 1216 = 336. What is the tens digit of b?
1
Let d(r) = r**2 + 6*r + 2. Let a be d(-6). Suppose 0 = t - 5*u + 7, 7*t - 2*t - 3*u = 9. Suppose a*y + t*y = 30. What is the units digit of y?
6
Suppose 0 = -4*s + 4*g + 80, s = -2*g + 14 + 9. What is the units digit of s?
1
Suppose -a + 5 = -3*x, a = -2*a + 3*x + 3. Let q be (-9 + 1)/(-2) + -2. Let u = q + a. What is the units digit of u?
1
Let p(h) = -h**2 + 15*h - 14. Let s be p(14). Suppose s = f - 10. What is the units digit of f?
0
Suppose -f - 49 = 6*f. Let w = -11 - -19. Let c = w + f. What is the units digit of c?
1
Let t = 168 + -114. What is the tens digit of t?
5
Let h(r) = r**2 + 3*r. Let m be 12/(-10)*(-7 + 12). What is the units digit of h(m)?
8
Suppose 6*c - 4 = 4*c. Suppose 1 = -x - 1, -64 = -c*t + 2*x. What is the tens digit of t?
3
What is the units digit of (4/(8/(-17)))/(3/(-12))?
4
Let t(d) = -2*d**3 - 8*d**2 - 6*d + 4. Let w(h) = -3*h**3 - 15*h**2 - 12*h + 8. Let f(g) = -5*t(g) + 3*w(g). What is the units digit of f(6)?
4
Let l = -13 - -15. What is the units digit of l?
2
What is the tens digit of (-3 - 2/(-2)) + 21?
1
Suppose 0 = 2*a + 2, -228 - 48 = -j + 4*a. What is the units digit of (-4)/6 + j/12?
2
Suppose -3 - 12 = -5*i. What is the units digit of 2/4*42 + i?
4
Let m(s) = s**2 - 5*s + 3. Let i be m(5). Suppose i + 0 = w. Suppose -w*c + 40 = 2*c. What is the units digit of c?
8
Let o = -47 - -91. Let n = o - 22. Suppose 22 = 4*z - n. What is the units digit of z?
1
Let a(q) = 4*q. What is the tens digit of a(6)?
2
What is the units digit of 16/4 + 2420/10?
6
Suppose 2*q - 5*k = 9, 5*k + 3 = 4*q - 0. Let p be 2/(1 - 15/9). What is the units digit of 2 + 3/p - q?
4
Let j be 1 + 6/(-8)*-4. Suppose j*d = -8 + 24. What is the units digit of d?
4
Let c(m) = -2*m - 3. Let r be c(-3). Suppose 5*i + j - 13 = 0, 0 = -r*i - 3*j - 5 + 20. Let s = i + 2. What is the units digit of s?
4
Suppose -b - 5*b + 6 = 0. What is the units digit of b?
1
Let x = -2 - 1. Let r(b) be the third derivative of -b**4/8 - b**3/6 - 2*b**2. What is the units digit of r(x)?
8
Let w be 2/(-1) + (-1 - -7). Suppose -w*z + 30 = -3*z. What is the tens digit of z?
3
Suppose -3*o - z + 540 = 2*z, 0 = -3*o + 5*z + 556. What is the tens digit of o?
8
Suppose -6*s + 5*s = 3. What is the units digit of s*(2 + 1)/(-9)?
1
Let v(m) = 3*m**2 - 4*m + 11. What is the tens digit of v(7)?
3
Suppose 3*d - 11 - 63 = -p, -99 = -4*d - p. What is the units digit of d?
5
Let f(t) = -52*t + 2. Let d(y) = -y - 1. Let a(k) = -d(k) - f(k). Let v be a(1). Suppose -4*l - 3*h = -50, -5*h - v = -3*l - 0. What is the units digit of l?
4
What is the tens digit of (0/4)/4 - -39?
3
Let a be 66 + ((-2)/(-2) - 0). Let l = -48 + a. What is the units digit of l?
9
Suppose 3*j - 4*d = -2*j + 27, -4*d - 24 = -4*j. Suppose j*g = -1 + 16. Suppose 0 = -g*a - 3*c + 20, c = -c. What is the units digit of a?
4
Suppose -5*k - 3 = -4*k. What is the units digit of k/6 - (-18)/4?
4
What is the hundreds digit of 7160/65 - (-8)/(-52)?
1
Let f(q) = -q + 4. Let a be f(-10). Let t(u) = u**3 + 5*u**2 + 3*u - 2. Let m be t(-4). Suppose 2*d = m + a. What is the units digit of d?
8
Suppose g = 3*d + 7, 2*g - 2*d = 3*d + 13. Suppose -g*j = -6 - 34. What is the tens digit of j + 2*(-3)/(-6)?
1
Let d = -226 + 338. What is the units digit of d?
2
Let f(w) = -8*w - 3. Let i be f(-2). Let m = 18 - i. What is the units digit of m?
5
Suppose -3*z - 2*z = 0. Let f(q) = -q**2 + q + 4. What is the units digit of f(z)?
4
Let c be (-243)/18*64/(-6). Suppose -m + 5*m = c. What is the units digit of m?
6
Let c(s) = s**2 + 5*s + 6. What is the tens digit of c(-10)?
5
Suppose 4*f - 4 = 8. Suppose -4*t = 2*c - 12, 4*c + 0 + 2 = 5*t. Let w = f - c. What is the units digit of w?
1
Suppose 2*r - 53 - 35 = -5*d, -4*d = -16. What is the units digit of r?
4
Suppose 2*v + 2*q - 54 = 3*q, -4*q - 34 = -v. What is the tens digit of v?
2
Let x(c) = 4*c**2 + c**2 + c**3 + 3 - 4*c + 2*c. What is the tens digit of x(-4)?
2
Suppose 8*x = 5*x + 630. Suppose 6*a - x = -0*a. What is the tens digit of a?
3
Suppose -3*m + 8*m - 110 = 0. Suppose 24 = 2*p - m. What is the units digit of p?
3
Let l(o) be the second derivative of o**4/12 - 3*o**2/2 - 2*o. What is the units digit of l(-3)?
6
Let n = -454 - -674. What is the hundreds digit of n?
2
Let b(p) be the first derivative of -p**3/3 - 7*p**2/2 + 2*p + 2. Let h be b(-8). What is the units digit of h/5*(-15)/6?
3
What is the units digit of (2 + 6 + 2)*264/30?
8
Suppose 7*y = 2*y + 3*v + 165, 5*y = -2*v + 190. Suppose 3*o = -o + y. What is the units digit of o?
9
Suppose -3*l = b - 3, 2*b - 4 = 3*l + 2. Suppose 33 = b*r + 3. What is the tens digit of r?
1
Let l(z) = z**2 - 6*z + 3. Let q(s) = s - 3. Let d be q(10). What is the units digit of l(d)?
0
Suppose 91 = p - 0*p. What is the units digit of p?
1
Suppose 3*b - 3 + 6 = -5*z, 5*b + 5 = 3*z. Let o = z + -26. What is the units digit of (-4)/(-8) - o/4?
7
Let x(l) = -l**2 + 6*l. Let f be x(6). Let a(w) = w**2 + w + 2. Let c be a(f). Suppose -c*v + 11 = -9. What is the units digit of v?
0
Let i(v) = -v**3 + 5*v**2 + 7*v - 4. What is the units digit of i(6)?
2
Let y(n) = -n**2 + 33*n - 29. What is the units digit of y(29)?
7
Let w be 9/6 - 87/(-6). Suppose 4*r - 28 = w. What is the units digit of r?
1
Suppose 4 = w, 0*w - 22 = -q - 5*w. Suppose q*u - 40 = -2*u. What is the units digit of u?
0
Let m(j) = 7*j**2 - j. Let w be m(1). Let f(v) = -v - v - w - 7*v**2 - v**3 + 4 + v**2. What is the units digit of f(-6)?
0
What is the units digit of -6*(-4 - -1)/6?
3
Let o(q) = -q**3 + 9*q**2 - q - 9. What is the tens digit of o(8)?
4
Suppose -2*u + 22 = 2*v, 15 = v + v - 5*u. Let j = 3 - 0. Suppose 3*f = 5*h + v, 0 = 5*f - h + j - 27. What is the units digit of f?
5
Suppose -395 = -11*c +